{"id":318,"date":"2016-10-31T14:20:44","date_gmt":"2016-10-31T17:20:44","guid":{"rendered":"https:\/\/ies9024-mza.infd.edu.ar\/sitio\/?page_id=318"},"modified":"2025-04-29T18:47:36","modified_gmt":"2025-04-29T21:47:36","slug":"contacto","status":"publish","type":"page","link":"https:\/\/ies9024-infd.mendoza.edu.ar\/sitio\/contacto\/","title":{"rendered":"CONTACTO"},"content":{"rendered":"\n<!DOCTYPE html>\n<html lang=\"es\">\n<head>\n  <meta charset=\"UTF-8\">\n  <meta name=\"viewport\" content=\"width=device-width, initial-scale=1\">\n  <title>Contacto &#8211; IES N\u00b09-024 Lavalle<\/title>\n  <link href=\"https:\/\/cdn.jsdelivr.net\/npm\/bootstrap@5.3.0\/dist\/css\/bootstrap.min.css\" rel=\"stylesheet\">\n  <style>\n    body {\n      font-family: 'Segoe UI', sans-serif;\n      background-color: #f4f6f8;\n      padding: 40px 20px;\n    }\n    .contact-card {\n      background: #fff;\n      border-radius: 16px;\n      padding: 2rem;\n      box-shadow: 0 4px 16px rgba(0, 0, 0, 0.08);\n      max-width: 800px;\n      margin: auto;\n    }\n    h1 {\n      text-align: center;\n      margin-bottom: 30px;\n      color: #2c3e50;\n      font-weight: bold;\n    }\n    .info-item {\n      margin-bottom: 15px;\n    }\n    .info-item strong {\n      display: inline-block;\n      width: 160px;\n      color: #34495e;\n    }\n    a {\n      color: #007bff;\n      text-decoration: none;\n    }\n    a:hover {\n      text-decoration: underline;\n    }\n    .header-image {\n      width: 100%;\n      max-width: 800px;\n      height: auto;\n      display: block;\n      margin: 0 auto 30px auto;\n      border-radius: 10px;\n      object-fit: cover;\n    }\n  <\/style>\n<\/head>\n<body>\n\n  \n\n  <div class=\"contact-card\">\n    <h1>Contacto Institucional<\/h1>\n    <div class=\"info-item\">\n      <strong>Nombre:<\/strong> Instituto de Educaci\u00f3n Superior IES N\u00b09-024 Lavalle\n    <\/div>\n    <div class=\"info-item\">\n      <strong>Direcci\u00f3n:<\/strong> Doctor Moreno y Fleming, Lavalle, Mendoza\n    <\/div>\n    <div class=\"info-item\">\n      <strong>Tel\u00e9fonos:<\/strong> <!-- Puedes agregar n\u00fameros -->\n    <\/div>\n    <div class=\"info-item\">\n      <strong>Horario de atenci\u00f3n:<\/strong> 8:30 a 13:00 hrs y 14:00 a 22:00 hrs\n    <\/div>\n    <div class=\"info-item\">\n      <strong>Email:<\/strong> <a href=\"mailto:ies9024_lavalle@yahoo.com.ar\">ies9024_lavalle@yahoo.com.ar<\/a>\n    <\/div>\n    <div class=\"info-item\">\n      <strong>Sitio web:<\/strong> <a href=\"https:\/\/ies9024-infd.mendoza.edu.ar\/sitio\/\" target=\"_blank\" rel=\"noopener\">ies9024-infd.mendoza.edu.ar<\/a>\n    <\/div>\n  <\/div>\n<img decoding=\"async\" src=\"https:\/\/ies9024-infd.mendoza.edu.ar\/sitio\/wp-content\/uploads\/2018\/08\/frentedelCeil.jpg\" alt=\"CEIL Lavalle\" class=\"header-image\">\n<\/body>\n<\/html>\n","protected":false},"excerpt":{"rendered":"<p>Contacto &#8211; IES N\u00b09-024 Lavalle Contacto Institucional Nombre: Instituto de Educaci\u00f3n Superior IES N\u00b09-024 Lavalle Direcci\u00f3n: Doctor Moreno y Fleming, Lavalle, Mendoza Tel\u00e9fonos: Horario de atenci\u00f3n: 8:30 a 13:00 hrs y 14:00 a 22:00 hrs Email: ies9024_lavalle@yahoo.com.ar Sitio web: ies9024-infd.mendoza.edu.ar<\/p>\n","protected":false},"author":1,"featured_media":0,"parent":0,"menu_order":0,"comment_status":"closed","ping_status":"closed","template":"","meta":[],"acf":[],"_links":{"self":[{"href":"https:\/\/ies9024-infd.mendoza.edu.ar\/sitio\/wp-json\/wp\/v2\/pages\/318"}],"collection":[{"href":"https:\/\/ies9024-infd.mendoza.edu.ar\/sitio\/wp-json\/wp\/v2\/pages"}],"about":[{"href":"https:\/\/ies9024-infd.mendoza.edu.ar\/sitio\/wp-json\/wp\/v2\/types\/page"}],"author":[{"embeddable":true,"href":"https:\/\/ies9024-infd.mendoza.edu.ar\/sitio\/wp-json\/wp\/v2\/users\/1"}],"replies":[{"embeddable":true,"href":"https:\/\/ies9024-infd.mendoza.edu.ar\/sitio\/wp-json\/wp\/v2\/comments?post=318"}],"version-history":[{"count":9,"href":"https:\/\/ies9024-infd.mendoza.edu.ar\/sitio\/wp-json\/wp\/v2\/pages\/318\/revisions"}],"predecessor-version":[{"id":6082,"href":"https:\/\/ies9024-infd.mendoza.edu.ar\/sitio\/wp-json\/wp\/v2\/pages\/318\/revisions\/6082"}],"wp:attachment":[{"href":"https:\/\/ies9024-infd.mendoza.edu.ar\/sitio\/wp-json\/wp\/v2\/media?parent=318"}],"curies":[{"name":"wp","href":"https:\/\/api.w.org\/{rel}","templated":true}]}}