{"id":3977,"date":"2021-04-19T09:25:39","date_gmt":"2021-04-19T12:25:39","guid":{"rendered":"https:\/\/ies9024-infd.mendoza.edu.ar\/sitio\/?page_id=3977"},"modified":"2021-09-07T10:47:55","modified_gmt":"2021-09-07T13:47:55","slug":"llamados-2021","status":"publish","type":"page","link":"https:\/\/ies9024-infd.mendoza.edu.ar\/sitio\/llamados-2021\/","title":{"rendered":"Llamados &#8211; 2021"},"content":{"rendered":"<div>\n<div dir=\"ltr\"><\/div>\n<\/div>\n<div style=\"text-align: center;\"><\/div>\n<div><\/div>\n<div>\n<p align=\"center\"><b><u><span lang=\"ES\">ACTA N\u00ba 49\/2021<\/span><\/u><\/b><\/p>\n<p align=\"center\"><b><u><span lang=\"ES\">OFRECIMIENTO DE HS C\u00c1TEDRAS SUPLENCIA REEMPLAZO:<\/span><\/u><\/b><\/p>\n<p align=\"center\"><b><i><u><span lang=\"ES\">BASE DE DATOS I<\/span><\/u><\/i><\/b><\/p>\n<p><span lang=\"ES\">En el I.E.S. N\u00ba 9-024 LAVALLE, con domicilio en calle Doctor Moreno y Fleming de Villa Tulumaya Lavalle Mendoza, siendo las 19:00 hs. del d\u00eda 02 de Setiembre de 2021, la Secretaria del establecimiento procede a ofrecer las siguientes horas c\u00e1tedras bajo la situaci\u00f3n de revista SUPLENCIA REEMPLAZO (Lic. Misi\u00f3n Especial prof. VICENCIO VERENA) de acuerdo al Decreto 530\/18.<\/span><\/p>\n<p><span lang=\"ES\">\u00a0<\/span><\/p>\n<p><b><span lang=\"ES\">03<\/span><\/b><span lang=\"ES\">\u00a0hs de\u00a0<b><i>BASE DE DATOS I\u00a0\u00a0<\/i><\/b>de 2\u00ba a\u00f1o de la\u00a0\u00a0Tecnicatura Superior en Desarrollo de Software.\u00a0\u00a0La materia tiene por horario de dictado los d\u00edas MARTES de 18:00 a 19:20 hs\u00a0\u00a0y 1 hora c\u00e1tedra virtual, las mismas se desarrollan de manera ANUAL.<\/span><\/p>\n<p><span lang=\"ES\">\u00a0<\/span><\/p>\n<p><i><span lang=\"ES\">SUPLENCIA REEMPLAZO: PERFIL SOLICITADO DE ACUERDO A LA\u00a0\u00a0RESOLUCI\u00d3N 501-DGE-19<b>:<\/b><\/span><\/i><\/p>\n<p><b><i><span lang=\"ES\">\u00a0<\/span><\/i><\/b><\/p>\n<p><b><i><span lang=\"ES\">&#8211; LICENCIADO\/A Y \/ O INGENIERO\/A EN SISTEMAS-INFORM\u00c1TICA-<wbr \/>COMPUTACI\u00d3N<\/span><\/i><\/b><\/p>\n<p><b><i><span lang=\"ES\">\u00a0<\/span><\/i><\/b><\/p>\n<p><b><i><span lang=\"ES\">TODOS LOS PERFILES CON FORMACI\u00d3N DOCENTE Y\u00a0\u00a0EXPERIENCIA EN TRABAJO VIRTUAL Y\/O USO DE LAS TIC<\/span><\/i><\/b><\/p>\n<p><b><i><span lang=\"ES\">\u00a0<\/span><\/i><\/b><\/p>\n<p><span lang=\"ES\">En cumplimiento al protocolo de aislamiento por PANDEMIA COVID-19<b><i>,<\/i><\/b>\u00a0los interesados deber\u00e1n comunicarse por medio de correo electr\u00f3nico al IES 9-024 LAVALLE a la direcci\u00f3n\u00a0\u00a0de correo\u00a0<\/span><span lang=\"ES\"><a href=\"mailto:ies9024_lavalle@yahoo.com.ar\" target=\"_blank\" rel=\"nofollow noopener\">ies9024_lavalle@yahoo.com.ar<\/a><\/span><span lang=\"ES\">\u00a0con la palabra\u00a0<b>SI<\/b>\u00a0o la palabra\u00a0<b>NO<\/b>.\u00a0\u00a0Ser\u00e1 considerada como fecha de notificaci\u00f3n la misma al momento de enviar el correo y har\u00e1 toma de las horas de acuerdo al orden de m\u00e9rito de quienes oportunamente se hayan notificado del presente y cumplan con la normativa vigente.<\/span><\/p>\n<p><span lang=\"ES\">Deber\u00e1n adjuntar a la notificaci\u00f3n la siguiente documentaci\u00f3n de manera digital:<\/span><\/p>\n<p><span lang=\"ES\">\u00a0<\/span><\/p>\n<p><span lang=\"ES\">1.\u00a0\u00a0\u00a0\u00a0<\/span><span lang=\"ES\">DNI (frente y dorso)<\/span><\/p>\n<p><span lang=\"ES\">2.\u00a0\u00a0\u00a0\u00a0<\/span><span lang=\"ES\">CUIL<\/span><\/p>\n<p><span lang=\"ES\">3.\u00a0\u00a0\u00a0\u00a0<\/span><span lang=\"ES\">Certificado de Aptitud Psicof\u00edsico Vigente<\/span><\/p>\n<p><span lang=\"ES\">4.\u00a0\u00a0\u00a0\u00a0<\/span><span lang=\"ES\">Certificado de Antecedentes Penales (\u00faltimo emitido o turno del mismo)<\/span><\/p>\n<p><span lang=\"ES\">5.\u00a0\u00a0\u00a0\u00a0<\/span><span lang=\"ES\">Declaraci\u00f3n Jurada de cargos actualizada<\/span><\/p>\n<p><span lang=\"ES\">6.\u00a0\u00a0\u00a0\u00a0<\/span><span lang=\"ES\">T\u00edtulo\/s habilitante\/s<\/span><\/p>\n<p><span lang=\"ES\">7.\u00a0\u00a0\u00a0\u00a0<\/span><span lang=\"ES\">Anal\u00edtico\/s<\/span><\/p>\n<p><span lang=\"ES\">8.\u00a0\u00a0\u00a0\u00a0<\/span><span lang=\"ES\">Curr\u00edculum Vitae actualizado<\/span><\/p>\n<p><span lang=\"ES\">9.\u00a0\u00a0\u00a0\u00a0<\/span><span lang=\"ES\">Probanzas de Capacitaciones<\/span><\/p>\n<p><span lang=\"ES\">\u00a0<\/span><\/p>\n<p><span lang=\"ES\">La publicaci\u00f3n del llamado ser\u00e1 considerada desde el d\u00eda 03 de Setiembre hasta el mi\u00e9rcoles 08 de Setiembre de 2021 inclusive.\u00a0<\/span><\/p>\n<div dir=\"ltr\">\n<p align=\"center\"><b><u><span lang=\"ES\">ACTA N\u00ba 50\/2021<\/span><\/u><\/b><\/p>\n<p align=\"center\"><b><u><span lang=\"ES\">OFRECIMIENTO DE HS C\u00c1TEDRAS SUPLENCIA REEMPLAZO:<\/span><\/u><\/b><\/p>\n<p align=\"center\"><b><i><u><span lang=\"ES\">SISTEMAS OPERATIVOS<\/span><\/u><\/i><\/b><\/p>\n<p><span lang=\"ES\">En el I.E.S. N\u00ba 9-024 LAVALLE, con domicilio en calle Doctor Moreno y Fleming de Villa Tulumaya Lavalle Mendoza, siendo las 19:10 hs. del d\u00eda 02 de Setiembre de 2021, la Secretaria del establecimiento procede a ofrecer las siguientes horas c\u00e1tedras bajo la situaci\u00f3n de revista SUPLENCIA REEMPLAZO (Lic. Misi\u00f3n Especial prof. VICENCIO VERENA) de acuerdo al Decreto 530\/18.<\/span><\/p>\n<p><span lang=\"ES\">\u00a0<\/span><\/p>\n<p><b><span lang=\"ES\">04<\/span><\/b><span lang=\"ES\">\u00a0hs de\u00a0<b><i>SISTEMAS OPERATIVOS\u00a0<\/i><\/b>de 2\u00ba a\u00f1o de la\u00a0\u00a0Tecnicatura Superior en Desarrollo de Software.\u00a0\u00a0La materia tiene por horario de dictado los d\u00edas MARTES de 20:50 a 23:00 hs\u00a0\u00a0y 1 hora c\u00e1tedra virtual, las mismas se desarrollan de manera ANUAL.<\/span><\/p>\n<p><span lang=\"ES\">\u00a0<\/span><\/p>\n<p><i><span lang=\"ES\">SUPLENCIA REEMPLAZO: PERFIL SOLICITADO DE ACUERDO A LA\u00a0\u00a0RESOLUCI\u00d3N 501-DGE-19<b>:<\/b><\/span><\/i><\/p>\n<p><b><i><span lang=\"ES\">\u00a0<\/span><\/i><\/b><\/p>\n<p><b><i><span lang=\"ES\">&#8211; LICENCIADO\/A Y \/ O INGENIERO\/A EN SISTEMAS-INFORM\u00c1TICA-<wbr \/>COMPUTACI\u00d3N<\/span><\/i><\/b><\/p>\n<p><b><i><span lang=\"ES\">\u00a0<\/span><\/i><\/b><\/p>\n<p><b><i><span lang=\"ES\">TODOS LOS PERFILES CON FORMACI\u00d3N DOCENTE Y\u00a0\u00a0EXPERIENCIA EN TRABAJO VIRTUAL Y\/O USO DE LAS TIC<\/span><\/i><\/b><\/p>\n<p><b><i><span lang=\"ES\">\u00a0<\/span><\/i><\/b><\/p>\n<p><span lang=\"ES\">En cumplimiento al protocolo de aislamiento por PANDEMIA COVID-19<b><i>,<\/i><\/b>\u00a0los interesados deber\u00e1n comunicarse por medio de correo electr\u00f3nico al IES 9-024 LAVALLE a la direcci\u00f3n\u00a0\u00a0de correo\u00a0<\/span><span lang=\"ES\"><a href=\"mailto:ies9024_lavalle@yahoo.com.ar\" target=\"_blank\" rel=\"nofollow noopener\">ies9024_lavalle@yahoo.com.ar<\/a><\/span><span lang=\"ES\">\u00a0con la palabra\u00a0<b>SI<\/b>\u00a0o la palabra\u00a0<b>NO<\/b>.\u00a0\u00a0Ser\u00e1 considerada como fecha de notificaci\u00f3n la misma al momento de enviar el correo y har\u00e1 toma de las horas de acuerdo al orden de m\u00e9rito de quienes oportunamente se hayan notificado del presente y cumplan con la normativa vigente.<\/span><\/p>\n<p><span lang=\"ES\">Deber\u00e1n adjuntar a la notificaci\u00f3n la siguiente documentaci\u00f3n de manera digital:<\/span><\/p>\n<p><span lang=\"ES\">\u00a0<\/span><\/p>\n<p><span lang=\"ES\">1.\u00a0\u00a0\u00a0\u00a0<\/span><span lang=\"ES\">DNI (frente y dorso)<\/span><\/p>\n<p><span lang=\"ES\">2.\u00a0\u00a0\u00a0\u00a0<\/span><span lang=\"ES\">CUIL<\/span><\/p>\n<p><span lang=\"ES\">3.\u00a0\u00a0\u00a0\u00a0<\/span><span lang=\"ES\">Certificado de Aptitud Psicof\u00edsico Vigente<\/span><\/p>\n<p><span lang=\"ES\">4.\u00a0\u00a0\u00a0\u00a0<\/span><span lang=\"ES\">Certificado de Antecedentes Penales (\u00faltimo emitido o turno del mismo)<\/span><\/p>\n<p><span lang=\"ES\">5.\u00a0\u00a0\u00a0\u00a0<\/span><span lang=\"ES\">Declaraci\u00f3n Jurada de cargos actualizada<\/span><\/p>\n<p><span lang=\"ES\">6.\u00a0\u00a0\u00a0\u00a0<\/span><span lang=\"ES\">T\u00edtulo\/s habilitante\/s<\/span><\/p>\n<p><span lang=\"ES\">7.\u00a0\u00a0\u00a0\u00a0<\/span><span lang=\"ES\">Anal\u00edtico\/s<\/span><\/p>\n<p><span lang=\"ES\">8.\u00a0\u00a0\u00a0\u00a0<\/span><span lang=\"ES\">Curr\u00edculum Vitae actualizado<\/span><\/p>\n<p><span lang=\"ES\">9.\u00a0\u00a0\u00a0\u00a0<\/span><span lang=\"ES\">Probanzas de Capacitaciones<\/span><\/p>\n<p><span lang=\"ES\">\u00a0<\/span><\/p>\n<p><span lang=\"ES\">La publicaci\u00f3n del llamado ser\u00e1 considerada desde el d\u00eda 03 de Setiembre hasta el mi\u00e9rcoles 08 de Setiembre de 2021 inclusive.\u00a0<\/span><\/p>\n<div dir=\"ltr\">\n<p align=\"center\"><b><u><span lang=\"ES\">ACTA N\u00ba 51\/2021<\/span><\/u><\/b><\/p>\n<p align=\"center\"><b><u><span lang=\"ES\">OFRECIMIENTO DE HS C\u00c1TEDRAS SUPLENCIA REEMPLAZO:<\/span><\/u><\/b><\/p>\n<p align=\"center\"><b><i><u><span lang=\"ES\">BASE DE DATOS II<\/span><\/u><\/i><\/b><\/p>\n<p><span lang=\"ES\">En el I.E.S. N\u00ba 9-024 LAVALLE, con domicilio en calle Doctor Moreno y Fleming de Villa Tulumaya Lavalle Mendoza, siendo las 19:20 hs. del d\u00eda 02 de Setiembre de 2021, la Secretaria del establecimiento procede a ofrecer las siguientes horas c\u00e1tedras bajo la situaci\u00f3n de revista SUPLENCIA REEMPLAZO (Lic. Misi\u00f3n Especial Prof. CORREAS VICTOR) de acuerdo al Decreto 530\/18.<\/span><\/p>\n<p><span lang=\"ES\">\u00a0<\/span><\/p>\n<p><b><span lang=\"ES\">03<\/span><\/b><span lang=\"ES\">\u00a0hs de\u00a0<b><i>BASE DE DATOS II\u00a0<\/i><\/b>de 3\u00ba a\u00f1o de la\u00a0\u00a0Tecnicatura Superior en Desarrollo de Software.\u00a0\u00a0La materia tiene por horario de dictado los d\u00edas MARTES de 19:30 a 20:50 hs\u00a0\u00a0y 1 hora c\u00e1tedra virtual, las mismas se desarrollan de manera ANUAL.<\/span><\/p>\n<p><span lang=\"ES\">\u00a0<\/span><\/p>\n<p><i><span lang=\"ES\">SUPLENCIA REEMPLAZO: PERFIL SOLICITADO DE ACUERDO A LA\u00a0\u00a0RESOLUCI\u00d3N 501-DGE-19<b>:<\/b><\/span><\/i><\/p>\n<p><b><i><span lang=\"ES\">\u00a0<\/span><\/i><\/b><\/p>\n<p><b><i><span lang=\"ES\">&#8211; LICENCIADO\/A Y \/ O INGENIERO\/A EN SISTEMAS-INFORM\u00c1TICA-<wbr \/>COMPUTACI\u00d3N<\/span><\/i><\/b><\/p>\n<p><b><i><span lang=\"ES\">\u00a0<\/span><\/i><\/b><\/p>\n<p><b><i><span lang=\"ES\">TODOS LOS PERFILES CON FORMACI\u00d3N DOCENTE Y\u00a0\u00a0EXPERIENCIA EN TRABAJO VIRTUAL Y\/O USO DE LAS TIC<\/span><\/i><\/b><\/p>\n<p><b><i><span lang=\"ES\">\u00a0<\/span><\/i><\/b><\/p>\n<p><span lang=\"ES\">En cumplimiento al protocolo de aislamiento por PANDEMIA COVID-19<b><i>,<\/i><\/b>\u00a0los interesados deber\u00e1n comunicarse por medio de correo electr\u00f3nico al IES 9-024 LAVALLE a la direcci\u00f3n\u00a0\u00a0de correo\u00a0<\/span><span lang=\"ES\"><a href=\"mailto:ies9024_lavalle@yahoo.com.ar\" target=\"_blank\" rel=\"nofollow noopener\">ies9024_lavalle@yahoo.com.ar<\/a><\/span><span lang=\"ES\">\u00a0con la palabra\u00a0<b>SI<\/b>\u00a0o la palabra\u00a0<b>NO<\/b>.\u00a0\u00a0Ser\u00e1 considerada como fecha de notificaci\u00f3n la misma al momento de enviar el correo y har\u00e1 toma de las horas de acuerdo al orden de m\u00e9rito de quienes oportunamente se hayan notificado del presente y cumplan con la normativa vigente.<\/span><\/p>\n<p><span lang=\"ES\">Deber\u00e1n adjuntar a la notificaci\u00f3n la siguiente documentaci\u00f3n de manera digital:<\/span><\/p>\n<p><span lang=\"ES\">\u00a0<\/span><\/p>\n<p><span lang=\"ES\">1.\u00a0\u00a0\u00a0\u00a0<\/span><span lang=\"ES\">DNI (frente y dorso)<\/span><\/p>\n<p><span lang=\"ES\">2.\u00a0\u00a0\u00a0\u00a0<\/span><span lang=\"ES\">CUIL<\/span><\/p>\n<p><span lang=\"ES\">3.\u00a0\u00a0\u00a0\u00a0<\/span><span lang=\"ES\">Certificado de Aptitud Psicof\u00edsico Vigente<\/span><\/p>\n<p><span lang=\"ES\">4.\u00a0\u00a0\u00a0\u00a0<\/span><span lang=\"ES\">Certificado de Antecedentes Penales (\u00faltimo emitido o turno del mismo)<\/span><\/p>\n<p><span lang=\"ES\">5.\u00a0\u00a0\u00a0\u00a0<\/span><span lang=\"ES\">Declaraci\u00f3n Jurada de cargos actualizada<\/span><\/p>\n<p><span lang=\"ES\">6.\u00a0\u00a0\u00a0\u00a0<\/span><span lang=\"ES\">T\u00edtulo\/s habilitante\/s<\/span><\/p>\n<p><span lang=\"ES\">7.\u00a0\u00a0\u00a0\u00a0<\/span><span lang=\"ES\">Anal\u00edtico\/s<\/span><\/p>\n<p><span lang=\"ES\">8.\u00a0\u00a0\u00a0\u00a0<\/span><span lang=\"ES\">Curr\u00edculum Vitae actualizado<\/span><\/p>\n<p><span lang=\"ES\">9.\u00a0\u00a0\u00a0\u00a0<\/span><span lang=\"ES\">Probanzas de Capacitaciones<\/span><\/p>\n<p><span lang=\"ES\">\u00a0<\/span><\/p>\n<p><span lang=\"ES\">La publicaci\u00f3n del llamado ser\u00e1 considerada desde el d\u00eda 03 de Setiembre hasta el mi\u00e9rcoles 08 de Setiembre de 2021 inclusive.\u00a0<\/span><\/p>\n<\/div>\n<\/div>\n<\/div>\n","protected":false},"excerpt":{"rendered":"<p>ACTA N\u00ba 49\/2021 OFRECIMIENTO DE HS C\u00c1TEDRAS SUPLENCIA REEMPLAZO: BASE DE DATOS I En el I.E.S. N\u00ba 9-024 LAVALLE, con domicilio en calle Doctor Moreno y Fleming de Villa Tulumaya Lavalle Mendoza, siendo las 19:00 hs. del d\u00eda 02 de Setiembre de 2021, la Secretaria del establecimiento procede a ofrecer las siguientes horas c\u00e1tedras bajo &#8230; <a title=\"Llamados &#8211; 2021\" class=\"read-more\" href=\"https:\/\/ies9024-infd.mendoza.edu.ar\/sitio\/llamados-2021\/\" aria-label=\"More on Llamados &#8211; 2021\">[+]<\/a><\/p>\n","protected":false},"author":493,"featured_media":0,"parent":0,"menu_order":0,"comment_status":"closed","ping_status":"closed","template":"","meta":[],"acf":[],"_links":{"self":[{"href":"https:\/\/ies9024-infd.mendoza.edu.ar\/sitio\/wp-json\/wp\/v2\/pages\/3977"}],"collection":[{"href":"https:\/\/ies9024-infd.mendoza.edu.ar\/sitio\/wp-json\/wp\/v2\/pages"}],"about":[{"href":"https:\/\/ies9024-infd.mendoza.edu.ar\/sitio\/wp-json\/wp\/v2\/types\/page"}],"author":[{"embeddable":true,"href":"https:\/\/ies9024-infd.mendoza.edu.ar\/sitio\/wp-json\/wp\/v2\/users\/493"}],"replies":[{"embeddable":true,"href":"https:\/\/ies9024-infd.mendoza.edu.ar\/sitio\/wp-json\/wp\/v2\/comments?post=3977"}],"version-history":[{"count":6,"href":"https:\/\/ies9024-infd.mendoza.edu.ar\/sitio\/wp-json\/wp\/v2\/pages\/3977\/revisions"}],"predecessor-version":[{"id":4013,"href":"https:\/\/ies9024-infd.mendoza.edu.ar\/sitio\/wp-json\/wp\/v2\/pages\/3977\/revisions\/4013"}],"wp:attachment":[{"href":"https:\/\/ies9024-infd.mendoza.edu.ar\/sitio\/wp-json\/wp\/v2\/media?parent=3977"}],"curies":[{"name":"wp","href":"https:\/\/api.w.org\/{rel}","templated":true}]}}